{"id":793,"date":"2020-06-12T11:52:39","date_gmt":"2020-06-12T11:52:39","guid":{"rendered":"http:\/\/irmasdoroteias.pt\/?page_id=793"},"modified":"2021-01-15T11:00:34","modified_gmt":"2021-01-15T11:00:34","slug":"campusfrassi-net","status":"publish","type":"page","link":"https:\/\/irmasdoroteias.pt\/?page_id=793","title":{"rendered":"CAMPUSFRASSI.NET"},"content":{"rendered":"\n<p>Os <strong>Campusfrassi.net<\/strong> pretendem ser uma oferta educativa e pastoral alicer\u00e7ada na Pedagogia de Paula Frassinetti, e t\u00eam como horizonte \u00faltimo levar os adolescentes e jovens a sentirem-se amados por Deus e acreditar que esse amor os leva a encontrar a verdadeira felicidade.<\/p>\n\n\n\n<ul><li>Rela\u00e7\u00e3o com Deus num itiner\u00e1rio de f\u00e9 e abertura a Deus, no simples, no pequeno, no di\u00e1logo Tu a tu e em Comunidade<\/li><li>Rela\u00e7\u00e3o com os outros, pela experi\u00eancia de amizade, chegar \u00e0 import\u00e2ncia do grupo e da comunidade;<\/li><li>Rela\u00e7\u00e3o consigo mesmo: pela experi\u00eancia da f\u00e9 e do conhecimento de si mesmo, para chegar \u00e0 descoberta da pr\u00f3pria voca\u00e7\u00e3o;<\/li><li>Rela\u00e7\u00e3o com a natureza numa atitude de contempla\u00e7\u00e3o da cria\u00e7\u00e3o;<\/li><li>Rela\u00e7\u00e3o com o mundo numa atitude de servi\u00e7o, solidariedade e compromisso com a transforma\u00e7\u00e3o do realidade.<\/li><\/ul>\n\n\n\n<p>S\u00e3o acantonamentos com dura\u00e7\u00e3o de uma semana e estruturada em 4 etapas, conforme as idades.<\/p>\n\n\n\n<ul><li>\u2018Girass\u00f3is\u2019: alunos de 4\u00ba ano (em regime de fim de semana)<\/li><li>&#8216;Vigias\u2019: alunos de 5\u00ba e 6\u00ba ano<\/li><li>&#8216;Freixos\u2019: alunos de 7\u00ba e 8\u00ba ano<\/li><li>Far\u00f3is\u2019: alunos de 9\u00ba, 10\u00ba e 11\u00baano<\/li><\/ul>\n\n\n\n<div class=\"ghostkit-grid ghostkit-grid-gap-md\"><div class=\"ghostkit-grid-inner\">\n<div class=\"ghostkit-col ghostkit-col-md-12 ghostkit-col-2 ghostkit-col-align-self-start\"><div class=\"ghostkit-col-content\">\n<div class=\"ghostkit-button-wrapper ghostkit-button-wrapper-gap-md\"><div class=\"ghostkit-button-wrapper-inner\">\n<a class=\"ghostkit-button ghostkit-button-md ghostkit-custom-1A30AP\" href=\"https:\/\/campusfrassinetti.irmasdoroteias.pt\/\" target=\"_blank\" rel=\"noreferrer noopener\"><span class=\"ghostkit-button-text\">Saber mais<\/span><\/a>\n<\/div><\/div>\n<\/div><\/div>\n\n\n\n<div class=\"ghostkit-col ghostkit-col-md-12 ghostkit-col-7\"><div class=\"ghostkit-col-content\">\n<div class=\"wp-block-columns is-layout-flex wp-container-3\">\n<div class=\"wp-block-column is-layout-flow\">\n<h5 class=\"has-text-align-right wp-block-heading\">Contactos:<\/h5>\n<\/div>\n\n\n\n<div class=\"wp-block-column is-layout-flow\">\n<p class=\"has-text-align-left\">campusfrassinetti@irmasdoroteias.pt<\/p>\n<\/div>\n<\/div>\n\n\n\n<p><\/p>\n<\/div><\/div>\n<\/div><\/div>\n\n\n\n<hr class=\"wp-block-separator\"\/>\n\n\n\n<p><\/p>\n","protected":false},"excerpt":{"rendered":"<p>Os Campusfrassi.net pretendem ser uma oferta educativa e pastoral alicer\u00e7ada na Pedagogia de Paula Frassinetti, e t\u00eam como horizonte \u00faltimo levar os adolescentes e jovens a sentirem-se amados por Deus e acreditar que esse amor os leva a encontrar a verdadeira felicidade. Rela\u00e7\u00e3o com Deus num itiner\u00e1rio de f\u00e9 e abertura a Deus, no simples, [&hellip;]<\/p>\n","protected":false},"author":1,"featured_media":1477,"parent":778,"menu_order":0,"comment_status":"closed","ping_status":"closed","template":"","meta":{"_uag_custom_page_level_css":"","ghostkit_customizer_options":"","ghostkit_custom_css":"","ghostkit_custom_js_head":"","ghostkit_custom_js_foot":"","ghostkit_typography":""},"uagb_featured_image_src":{"full":["https:\/\/irmasdoroteias.pt\/wp-content\/uploads\/2020\/07\/m_campus.jpg",1600,1067,false],"thumbnail":["https:\/\/irmasdoroteias.pt\/wp-content\/uploads\/2020\/07\/m_campus.jpg",150,100,false],"medium":["https:\/\/irmasdoroteias.pt\/wp-content\/uploads\/2020\/07\/m_campus-300x200.jpg",300,200,true],"medium_large":["https:\/\/irmasdoroteias.pt\/wp-content\/uploads\/2020\/07\/m_campus.jpg",768,512,false],"large":["https:\/\/irmasdoroteias.pt\/wp-content\/uploads\/2020\/07\/m_campus.jpg",1024,683,false],"1536x1536":["https:\/\/irmasdoroteias.pt\/wp-content\/uploads\/2020\/07\/m_campus.jpg",1536,1024,false],"2048x2048":["https:\/\/irmasdoroteias.pt\/wp-content\/uploads\/2020\/07\/m_campus.jpg",1600,1067,false]},"uagb_author_info":{"display_name":"Irm\u00e3s Doroteias","author_link":"https:\/\/irmasdoroteias.pt\/?author=1"},"uagb_comment_info":0,"uagb_excerpt":"Os Campusfrassi.net pretendem ser uma oferta educativa e pastoral alicer\u00e7ada na Pedagogia de Paula Frassinetti, e t\u00eam como horizonte \u00faltimo levar os adolescentes e jovens a sentirem-se amados por Deus e acreditar que esse amor os leva a encontrar a verdadeira felicidade. Rela\u00e7\u00e3o com Deus num itiner\u00e1rio de f\u00e9 e abertura a Deus, no simples,&hellip;","rttpg_featured_image_url":{"full":["https:\/\/irmasdoroteias.pt\/wp-content\/uploads\/2020\/07\/m_campus.jpg",1600,1067,false],"landscape":["https:\/\/irmasdoroteias.pt\/wp-content\/uploads\/2020\/07\/m_campus.jpg",1600,1067,false],"portraits":["https:\/\/irmasdoroteias.pt\/wp-content\/uploads\/2020\/07\/m_campus.jpg",1600,1067,false],"thumbnail":["https:\/\/irmasdoroteias.pt\/wp-content\/uploads\/2020\/07\/m_campus.jpg",150,100,false],"medium":["https:\/\/irmasdoroteias.pt\/wp-content\/uploads\/2020\/07\/m_campus-300x200.jpg",300,200,true],"medium_large":["https:\/\/irmasdoroteias.pt\/wp-content\/uploads\/2020\/07\/m_campus.jpg",768,512,false],"large":["https:\/\/irmasdoroteias.pt\/wp-content\/uploads\/2020\/07\/m_campus.jpg",1024,683,false],"1536x1536":["https:\/\/irmasdoroteias.pt\/wp-content\/uploads\/2020\/07\/m_campus.jpg",1536,1024,false],"2048x2048":["https:\/\/irmasdoroteias.pt\/wp-content\/uploads\/2020\/07\/m_campus.jpg",1600,1067,false]},"rttpg_author":{"display_name":"Irm\u00e3s Doroteias","author_link":"https:\/\/irmasdoroteias.pt\/?author=1"},"rttpg_comment":0,"rttpg_category":null,"rttpg_excerpt":"Os Campusfrassi.net pretendem ser uma oferta educativa e pastoral alicer\u00e7ada na Pedagogia de Paula Frassinetti, e t\u00eam como horizonte \u00faltimo levar os adolescentes e jovens a sentirem-se amados por Deus e acreditar que esse amor os leva a encontrar a verdadeira felicidade. Rela\u00e7\u00e3o com Deus num itiner\u00e1rio de f\u00e9 e abertura a Deus, no simples,&hellip;","post_mailing_queue_ids":[],"_links":{"self":[{"href":"https:\/\/irmasdoroteias.pt\/index.php?rest_route=\/wp\/v2\/pages\/793"}],"collection":[{"href":"https:\/\/irmasdoroteias.pt\/index.php?rest_route=\/wp\/v2\/pages"}],"about":[{"href":"https:\/\/irmasdoroteias.pt\/index.php?rest_route=\/wp\/v2\/types\/page"}],"author":[{"embeddable":true,"href":"https:\/\/irmasdoroteias.pt\/index.php?rest_route=\/wp\/v2\/users\/1"}],"replies":[{"embeddable":true,"href":"https:\/\/irmasdoroteias.pt\/index.php?rest_route=%2Fwp%2Fv2%2Fcomments&post=793"}],"version-history":[{"count":0,"href":"https:\/\/irmasdoroteias.pt\/index.php?rest_route=\/wp\/v2\/pages\/793\/revisions"}],"up":[{"embeddable":true,"href":"https:\/\/irmasdoroteias.pt\/index.php?rest_route=\/wp\/v2\/pages\/778"}],"wp:featuredmedia":[{"embeddable":true,"href":"https:\/\/irmasdoroteias.pt\/index.php?rest_route=\/wp\/v2\/media\/1477"}],"wp:attachment":[{"href":"https:\/\/irmasdoroteias.pt\/index.php?rest_route=%2Fwp%2Fv2%2Fmedia&parent=793"}],"curies":[{"name":"wp","href":"https:\/\/api.w.org\/{rel}","templated":true}]}}