{"id":752,"date":"2020-06-12T10:57:12","date_gmt":"2020-06-12T10:57:12","guid":{"rendered":"http:\/\/irmasdoroteias.pt\/?page_id=752"},"modified":"2020-12-23T16:08:06","modified_gmt":"2020-12-23T16:08:06","slug":"espiritualidade","status":"publish","type":"page","link":"https:\/\/irmasdoroteias.pt\/?page_id=752","title":{"rendered":"ESPIRITUALIDADE"},"content":{"rendered":"\n<p>Uma <strong>espiritualidade apost\u00f3lica<\/strong> s\u00f3lida e exigente \u00e9 a marca que Paula Frassinetti quis para a fam\u00edlia que Deus a chamou a fundar e por isso assumiu a <strong>espiritualidade Inaciana<\/strong> como eixo estruturante e norteador da nossa vida.<\/p>\n\n\n\n<p>Assim, a nossa estrutura interior de Doroteias, \u201cformada na Escola dos Exerc\u00edcios Espirituais de Santo In\u00e1cio exige-nos a mais perfeita abnega\u00e7\u00e3o e uma generosidade sempre maior que s\u00f3 a familiaridade cont\u00ednua com Deus pode alcan\u00e7ar\u201d. (Const. Art. 7\u00ba)<\/p>\n\n\n\n<p>\u201cA assimila\u00e7\u00e3o progressiva do esp\u00edrito dos Exerc\u00edcios Espirituais de Santo In\u00e1cio forma-nos numa ora\u00e7\u00e3o que leva \u00e9 unidade de vida e nos ensina a amar a Deus em todas as coisas e todas as coisas em Deus. Os tempos fortes de ora\u00e7\u00e3o, pessoal e comunit\u00e1ria, s\u00e3o imprescind\u00edveis para fazer este caminho\u201d (Const. Art.37\u00ba)<\/p>\n\n\n\n<p>Procurar sempre e em tudo a maior gl\u00f3ria de Deus pelo maior servi\u00e7o a todos \u00e9 o esp\u00edrito mais fundo que animou Paula Frassinetti e continua a animar hoje cada Doroteia espalhada pelo mundo (cfr. Const. Art. 1\u00ba)<\/p>\n\n\n\n<hr class=\"wp-block-separator\"\/>\n\n\n\n<div class=\"ghostkit-grid ghostkit-grid-gap-md\"><div class=\"ghostkit-grid-inner\">\n<div class=\"ghostkit-col ghostkit-col-md-12 ghostkit-col-lg-6 ghostkit-col-3\"><div class=\"ghostkit-col-content\">\n<figure class=\"wp-block-image size-large is-style-rounded\"><img decoding=\"async\" loading=\"lazy\" width=\"384\" height=\"256\" src=\"http:\/\/irmasdoroteias.pt\/wp-content\/uploads\/2020\/06\/m_paula.jpg\" alt=\"\" class=\"wp-image-830\"\/><\/figure>\n\n\n\n<h5 class=\"has-text-align-center wp-block-heading\"><a href=\"http:\/\/irmasdoroteias.pt\/?page_id=677\">Paula, um Dom de Deus<\/a><\/h5>\n<\/div><\/div>\n\n\n\n<div class=\"ghostkit-col ghostkit-col-md-12 ghostkit-col-lg-6 ghostkit-col-3\"><div class=\"ghostkit-col-content\">\n<figure class=\"wp-block-image size-large is-style-rounded\"><img decoding=\"async\" loading=\"lazy\" width=\"1200\" height=\"800\" src=\"http:\/\/irmasdoroteias.pt\/wp-content\/uploads\/2020\/06\/m_quemsomos_identidade-1.jpg\" alt=\"\" class=\"wp-image-872\"\/><\/figure>\n\n\n\n<h5 class=\"has-text-align-center wp-block-heading\"><a href=\"http:\/\/irmasdoroteias.pt\/?page_id=680\">Identidade<\/a><\/h5>\n<\/div><\/div>\n\n\n\n<div class=\"ghostkit-col ghostkit-col-md-12 ghostkit-col-lg-6 ghostkit-col-3\"><div class=\"ghostkit-col-content\">\n<figure class=\"wp-block-image size-large is-style-rounded\"><img decoding=\"async\" loading=\"lazy\" width=\"384\" height=\"256\" src=\"http:\/\/irmasdoroteias.pt\/wp-content\/uploads\/2020\/06\/m_quemsomos_espiritualidade.jpg\" alt=\"\" class=\"wp-image-874\"\/><\/figure>\n\n\n\n<h5 class=\"has-text-align-center wp-block-heading\">Espiritualidade<\/h5>\n<\/div><\/div>\n\n\n\n<div class=\"ghostkit-col ghostkit-col-md-12 ghostkit-col-lg-6 ghostkit-col-3\"><div class=\"ghostkit-col-content\">\n<figure class=\"wp-block-image size-large is-style-rounded\"><img decoding=\"async\" loading=\"lazy\" width=\"1200\" height=\"800\" src=\"http:\/\/irmasdoroteias.pt\/wp-content\/uploads\/2020\/06\/m_voca\u00e7\u00e3o.jpg\" alt=\"\" class=\"wp-image-826\"\/><\/figure>\n\n\n\n<h5 class=\"has-text-align-center wp-block-heading\"><a href=\"http:\/\/irmasdoroteias.pt\/?page_id=716\">Ser Doroteia<\/a><\/h5>\n<\/div><\/div>\n<\/div><\/div>\n","protected":false},"excerpt":{"rendered":"<p>Uma espiritualidade apost\u00f3lica s\u00f3lida e exigente \u00e9 a marca que Paula Frassinetti quis para a fam\u00edlia que Deus a chamou a fundar e por isso assumiu a espiritualidade Inaciana como eixo estruturante e norteador da nossa vida. Assim, a nossa estrutura interior de Doroteias, \u201cformada na Escola dos Exerc\u00edcios Espirituais de Santo In\u00e1cio exige-nos a [&hellip;]<\/p>\n","protected":false},"author":1,"featured_media":874,"parent":745,"menu_order":0,"comment_status":"closed","ping_status":"closed","template":"","meta":{"_uag_custom_page_level_css":"","ghostkit_customizer_options":"","ghostkit_custom_css":"","ghostkit_custom_js_head":"","ghostkit_custom_js_foot":"","ghostkit_typography":""},"uagb_featured_image_src":{"full":["https:\/\/irmasdoroteias.pt\/wp-content\/uploads\/2020\/06\/m_quemsomos_espiritualidade.jpg",384,256,false],"thumbnail":["https:\/\/irmasdoroteias.pt\/wp-content\/uploads\/2020\/06\/m_quemsomos_espiritualidade.jpg",150,100,false],"medium":["https:\/\/irmasdoroteias.pt\/wp-content\/uploads\/2020\/06\/m_quemsomos_espiritualidade-300x200.jpg",300,200,true],"medium_large":["https:\/\/irmasdoroteias.pt\/wp-content\/uploads\/2020\/06\/m_quemsomos_espiritualidade.jpg",384,256,false],"large":["https:\/\/irmasdoroteias.pt\/wp-content\/uploads\/2020\/06\/m_quemsomos_espiritualidade.jpg",384,256,false],"1536x1536":["https:\/\/irmasdoroteias.pt\/wp-content\/uploads\/2020\/06\/m_quemsomos_espiritualidade.jpg",384,256,false],"2048x2048":["https:\/\/irmasdoroteias.pt\/wp-content\/uploads\/2020\/06\/m_quemsomos_espiritualidade.jpg",384,256,false]},"uagb_author_info":{"display_name":"Irm\u00e3s Doroteias","author_link":"https:\/\/irmasdoroteias.pt\/?author=1"},"uagb_comment_info":0,"uagb_excerpt":"Uma espiritualidade apost\u00f3lica s\u00f3lida e exigente \u00e9 a marca que Paula Frassinetti quis para a fam\u00edlia que Deus a chamou a fundar e por isso assumiu a espiritualidade Inaciana como eixo estruturante e norteador da nossa vida. Assim, a nossa estrutura interior de Doroteias, \u201cformada na Escola dos Exerc\u00edcios Espirituais de Santo In\u00e1cio exige-nos a&hellip;","rttpg_featured_image_url":{"full":["https:\/\/irmasdoroteias.pt\/wp-content\/uploads\/2020\/06\/m_quemsomos_espiritualidade.jpg",384,256,false],"landscape":["https:\/\/irmasdoroteias.pt\/wp-content\/uploads\/2020\/06\/m_quemsomos_espiritualidade.jpg",384,256,false],"portraits":["https:\/\/irmasdoroteias.pt\/wp-content\/uploads\/2020\/06\/m_quemsomos_espiritualidade.jpg",384,256,false],"thumbnail":["https:\/\/irmasdoroteias.pt\/wp-content\/uploads\/2020\/06\/m_quemsomos_espiritualidade.jpg",150,100,false],"medium":["https:\/\/irmasdoroteias.pt\/wp-content\/uploads\/2020\/06\/m_quemsomos_espiritualidade-300x200.jpg",300,200,true],"medium_large":["https:\/\/irmasdoroteias.pt\/wp-content\/uploads\/2020\/06\/m_quemsomos_espiritualidade.jpg",384,256,false],"large":["https:\/\/irmasdoroteias.pt\/wp-content\/uploads\/2020\/06\/m_quemsomos_espiritualidade.jpg",384,256,false],"1536x1536":["https:\/\/irmasdoroteias.pt\/wp-content\/uploads\/2020\/06\/m_quemsomos_espiritualidade.jpg",384,256,false],"2048x2048":["https:\/\/irmasdoroteias.pt\/wp-content\/uploads\/2020\/06\/m_quemsomos_espiritualidade.jpg",384,256,false]},"rttpg_author":{"display_name":"Irm\u00e3s Doroteias","author_link":"https:\/\/irmasdoroteias.pt\/?author=1"},"rttpg_comment":0,"rttpg_category":null,"rttpg_excerpt":"Uma espiritualidade apost\u00f3lica s\u00f3lida e exigente \u00e9 a marca que Paula Frassinetti quis para a fam\u00edlia que Deus a chamou a fundar e por isso assumiu a espiritualidade Inaciana como eixo estruturante e norteador da nossa vida. Assim, a nossa estrutura interior de Doroteias, \u201cformada na Escola dos Exerc\u00edcios Espirituais de Santo In\u00e1cio exige-nos a&hellip;","post_mailing_queue_ids":[],"_links":{"self":[{"href":"https:\/\/irmasdoroteias.pt\/index.php?rest_route=\/wp\/v2\/pages\/752"}],"collection":[{"href":"https:\/\/irmasdoroteias.pt\/index.php?rest_route=\/wp\/v2\/pages"}],"about":[{"href":"https:\/\/irmasdoroteias.pt\/index.php?rest_route=\/wp\/v2\/types\/page"}],"author":[{"embeddable":true,"href":"https:\/\/irmasdoroteias.pt\/index.php?rest_route=\/wp\/v2\/users\/1"}],"replies":[{"embeddable":true,"href":"https:\/\/irmasdoroteias.pt\/index.php?rest_route=%2Fwp%2Fv2%2Fcomments&post=752"}],"version-history":[{"count":0,"href":"https:\/\/irmasdoroteias.pt\/index.php?rest_route=\/wp\/v2\/pages\/752\/revisions"}],"up":[{"embeddable":true,"href":"https:\/\/irmasdoroteias.pt\/index.php?rest_route=\/wp\/v2\/pages\/745"}],"wp:featuredmedia":[{"embeddable":true,"href":"https:\/\/irmasdoroteias.pt\/index.php?rest_route=\/wp\/v2\/media\/874"}],"wp:attachment":[{"href":"https:\/\/irmasdoroteias.pt\/index.php?rest_route=%2Fwp%2Fv2%2Fmedia&parent=752"}],"curies":[{"name":"wp","href":"https:\/\/api.w.org\/{rel}","templated":true}]}}