{"id":4387,"date":"2025-07-22T09:44:33","date_gmt":"2025-07-22T09:44:33","guid":{"rendered":"https:\/\/irmasdoroteias.pt\/?page_id=4387"},"modified":"2025-07-22T10:16:46","modified_gmt":"2025-07-22T10:16:46","slug":"fundacao-doroteias-informacoes","status":"publish","type":"page","link":"https:\/\/irmasdoroteias.pt\/?page_id=4387","title":{"rendered":"Funda\u00e7\u00e3o Doroteias \u2013 Informa\u00e7\u00f5es"},"content":{"rendered":"\n<h5 class=\"wp-block-heading\" id=\"informacoes\">Informa\u00e7\u00f5es<\/h5>\n\n\n\n<ul>\n<li>Preven\u00e7\u00e3o da corrup\u00e7\u00e3o<\/li>\n\n\n\n<li>Prote\u00e7\u00e3o de dados<\/li>\n\n\n\n<li>Recrutamento<\/li>\n\n\n\n<li>Canal de denuncia interno<\/li>\n<\/ul>\n","protected":false},"excerpt":{"rendered":"<p>Informa\u00e7\u00f5es<\/p>\n","protected":false},"author":4,"featured_media":0,"parent":0,"menu_order":0,"comment_status":"closed","ping_status":"closed","template":"right-sidebar.php","meta":{"_uag_custom_page_level_css":"","ghostkit_customizer_options":"","ghostkit_custom_css":"","ghostkit_custom_js_head":"","ghostkit_custom_js_foot":"","ghostkit_typography":""},"uagb_featured_image_src":{"full":false,"thumbnail":false,"medium":false,"medium_large":false,"large":false,"1536x1536":false,"2048x2048":false},"uagb_author_info":{"display_name":"B\u00fassola 21","author_link":"https:\/\/irmasdoroteias.pt\/?author=4"},"uagb_comment_info":0,"uagb_excerpt":"Informa\u00e7\u00f5es","rttpg_featured_image_url":null,"rttpg_author":{"display_name":"B\u00fassola 21","author_link":"https:\/\/irmasdoroteias.pt\/?author=4"},"rttpg_comment":0,"rttpg_category":null,"rttpg_excerpt":"Informa\u00e7\u00f5es","post_mailing_queue_ids":[],"_links":{"self":[{"href":"https:\/\/irmasdoroteias.pt\/index.php?rest_route=\/wp\/v2\/pages\/4387"}],"collection":[{"href":"https:\/\/irmasdoroteias.pt\/index.php?rest_route=\/wp\/v2\/pages"}],"about":[{"href":"https:\/\/irmasdoroteias.pt\/index.php?rest_route=\/wp\/v2\/types\/page"}],"author":[{"embeddable":true,"href":"https:\/\/irmasdoroteias.pt\/index.php?rest_route=\/wp\/v2\/users\/4"}],"replies":[{"embeddable":true,"href":"https:\/\/irmasdoroteias.pt\/index.php?rest_route=%2Fwp%2Fv2%2Fcomments&post=4387"}],"version-history":[{"count":2,"href":"https:\/\/irmasdoroteias.pt\/index.php?rest_route=\/wp\/v2\/pages\/4387\/revisions"}],"predecessor-version":[{"id":4389,"href":"https:\/\/irmasdoroteias.pt\/index.php?rest_route=\/wp\/v2\/pages\/4387\/revisions\/4389"}],"wp:attachment":[{"href":"https:\/\/irmasdoroteias.pt\/index.php?rest_route=%2Fwp%2Fv2%2Fmedia&parent=4387"}],"curies":[{"name":"wp","href":"https:\/\/api.w.org\/{rel}","templated":true}]}}