{"id":3060,"date":"2021-06-15T16:33:55","date_gmt":"2021-06-15T16:33:55","guid":{"rendered":"https:\/\/irmasdoroteias.pt\/?page_id=3060"},"modified":"2023-07-07T14:24:44","modified_gmt":"2023-07-07T14:24:44","slug":"i-jornadas-de-inovacao-pedagogica-bussola-21","status":"publish","type":"page","link":"https:\/\/irmasdoroteias.pt\/?page_id=3060","title":{"rendered":"III Jornadas de Inova\u00e7\u00e3o B\u00fassola 21"},"content":{"rendered":"<div class=\"wp-block-image\">\n<figure class=\"aligncenter size-full\"><img decoding=\"async\" loading=\"lazy\" width=\"1000\" height=\"630\" src=\"https:\/\/irmasdoroteias.pt\/wp-content\/uploads\/2023\/06\/PROGRAMA-copia.jpg\" alt=\"\" class=\"wp-image-4083\"\/><\/figure><\/div>\n\n\n<p><strong><strong>Pertin\u00eancia, \u00e2mbito e foco das Jornadas<\/strong><\/strong><\/p>\n\n\n\n<p>Um ano de trabalho, pautado pela integra\u00e7\u00e3o das \u00e1reas de inova\u00e7\u00e3o \u2013 Educa\u00e7\u00e3o da Interioridade, Gest\u00e3o do Curr\u00edculo e Participa\u00e7\u00e3o das Crian\u00e7as e Jovens \u2013, culmina nas III Jornadas de Inova\u00e7\u00e3o B\u00fassola 21, que ter\u00e3o lugar em F\u00e1tima no dia 14 de julho de 2023.<\/p>\n\n\n\n<p>Tendo sido um ano rico em pr\u00e1ticas inovadoras e aprendizagens desenvolvidas, optou-se como modelo n\u00e3o por uma apresenta\u00e7\u00e3o expl\u00edcita dessas pr\u00e1ticas e aprendizagens, mas por uma partilha em torno de grandes quest\u00f5es, na expectativa de favorecer um espa\u00e7o de di\u00e1logo, de partilha de questionamentos, d\u00favidas e interpela\u00e7\u00f5es, potencialmente capazes de fortalecer a rede educativa e a projetar no futuro.<\/p>\n\n\n\n<p>Ser\u00e1, assim, oportuno voltar a celebrar o caminho conjunto e a sonhar em Rede o futuro da educa\u00e7\u00e3o nos Centros Educativos das Irm\u00e3s Doroteias.<\/p>\n","protected":false},"excerpt":{"rendered":"<p>Pertin\u00eancia, \u00e2mbito e foco das Jornadas Um ano de trabalho, pautado pela integra\u00e7\u00e3o das \u00e1reas de inova\u00e7\u00e3o \u2013 Educa\u00e7\u00e3o da Interioridade, Gest\u00e3o do Curr\u00edculo e Participa\u00e7\u00e3o das Crian\u00e7as e Jovens \u2013, culmina nas III Jornadas de Inova\u00e7\u00e3o B\u00fassola 21, que ter\u00e3o lugar em F\u00e1tima no dia 14 de julho de 2023. Tendo sido um ano [&hellip;]<\/p>\n","protected":false},"author":4,"featured_media":0,"parent":0,"menu_order":0,"comment_status":"closed","ping_status":"closed","template":"right-sidebar.php","meta":{"_uag_custom_page_level_css":"","ghostkit_customizer_options":"","ghostkit_custom_css":"","ghostkit_custom_js_head":"","ghostkit_custom_js_foot":"","ghostkit_typography":""},"uagb_featured_image_src":{"full":false,"thumbnail":false,"medium":false,"medium_large":false,"large":false,"1536x1536":false,"2048x2048":false},"uagb_author_info":{"display_name":"B\u00fassola 21","author_link":"https:\/\/irmasdoroteias.pt\/?author=4"},"uagb_comment_info":0,"uagb_excerpt":"Pertin\u00eancia, \u00e2mbito e foco das Jornadas Um ano de trabalho, pautado pela integra\u00e7\u00e3o das \u00e1reas de inova\u00e7\u00e3o \u2013 Educa\u00e7\u00e3o da Interioridade, Gest\u00e3o do Curr\u00edculo e Participa\u00e7\u00e3o das Crian\u00e7as e Jovens \u2013, culmina nas III Jornadas de Inova\u00e7\u00e3o B\u00fassola 21, que ter\u00e3o lugar em F\u00e1tima no dia 14 de julho de 2023. Tendo sido um ano&hellip;","rttpg_featured_image_url":null,"rttpg_author":{"display_name":"B\u00fassola 21","author_link":"https:\/\/irmasdoroteias.pt\/?author=4"},"rttpg_comment":0,"rttpg_category":null,"rttpg_excerpt":"Pertin\u00eancia, \u00e2mbito e foco das Jornadas Um ano de trabalho, pautado pela integra\u00e7\u00e3o das \u00e1reas de inova\u00e7\u00e3o \u2013 Educa\u00e7\u00e3o da Interioridade, Gest\u00e3o do Curr\u00edculo e Participa\u00e7\u00e3o das Crian\u00e7as e Jovens \u2013, culmina nas III Jornadas de Inova\u00e7\u00e3o B\u00fassola 21, que ter\u00e3o lugar em F\u00e1tima no dia 14 de julho de 2023. Tendo sido um ano&hellip;","post_mailing_queue_ids":[],"_links":{"self":[{"href":"https:\/\/irmasdoroteias.pt\/index.php?rest_route=\/wp\/v2\/pages\/3060"}],"collection":[{"href":"https:\/\/irmasdoroteias.pt\/index.php?rest_route=\/wp\/v2\/pages"}],"about":[{"href":"https:\/\/irmasdoroteias.pt\/index.php?rest_route=\/wp\/v2\/types\/page"}],"author":[{"embeddable":true,"href":"https:\/\/irmasdoroteias.pt\/index.php?rest_route=\/wp\/v2\/users\/4"}],"replies":[{"embeddable":true,"href":"https:\/\/irmasdoroteias.pt\/index.php?rest_route=%2Fwp%2Fv2%2Fcomments&post=3060"}],"version-history":[{"count":3,"href":"https:\/\/irmasdoroteias.pt\/index.php?rest_route=\/wp\/v2\/pages\/3060\/revisions"}],"predecessor-version":[{"id":4104,"href":"https:\/\/irmasdoroteias.pt\/index.php?rest_route=\/wp\/v2\/pages\/3060\/revisions\/4104"}],"wp:attachment":[{"href":"https:\/\/irmasdoroteias.pt\/index.php?rest_route=%2Fwp%2Fv2%2Fmedia&parent=3060"}],"curies":[{"name":"wp","href":"https:\/\/api.w.org\/{rel}","templated":true}]}}

III Jornadas de Inovação Bússola 21

<div class="wp-block-image">
<figure class="aligncenter size-full"><img decoding="async" loading="lazy" width="1000" height="630" src="https://irmasdoroteias.pt/wp-content/uploads/2023/06/PROGRAMA-copia.jpg" alt="" class="wp-image-4083"/></figure></div>


<p><strong><strong>Pertinência, âmbito e foco das Jornadas</strong></strong></p>



<p>Um ano de trabalho, pautado pela integração das áreas de inovação – Educação da Interioridade, Gestão do Currículo e Participação das Crianças e Jovens –, culmina nas III Jornadas de Inovação Bússola 21, que terão lugar em Fátima no dia 14 de julho de 2023.</p>



<p>Tendo sido um ano rico em práticas inovadoras e aprendizagens desenvolvidas, optou-se como modelo não por uma apresentação explícita dessas práticas e aprendizagens, mas por uma partilha em torno de grandes questões, na expectativa de favorecer um espaço de diálogo, de partilha de questionamentos, dúvidas e interpelações, potencialmente capazes de fortalecer a rede educativa e a projetar no futuro.</p>



<p>Será, assim, oportuno voltar a celebrar o caminho conjunto e a sonhar em Rede o futuro da educação nos Centros Educativos das Irmãs Doroteias.</p>

<p>Pertinência, âmbito e foco das Jornadas Um ano de trabalho, pautado pela integração das áreas de inovação – Educação da Interioridade, Gestão do Currículo e Participação das Crianças e Jovens –, culmina nas III Jornadas de Inovação Bússola 21, que terão lugar em Fátima no dia 14 de julho de 2023. Tendo sido um ano [&hellip;]</p>

Bússola 21

Pertinência, âmbito e foco das Jornadas Um ano de trabalho, pautado pela integração das áreas de inovação – Educação da Interioridade, Gestão do Currículo e Participação das Crianças e Jovens –, culmina nas III Jornadas de Inovação Bússola 21, que terão lugar em Fátima no dia 14 de julho de 2023. Tendo sido um ano&hellip;
