{"id":2019,"date":"2021-01-13T14:45:44","date_gmt":"2021-01-13T14:45:44","guid":{"rendered":"https:\/\/irmasdoroteias.pt\/?page_id=2019"},"modified":"2025-06-30T14:49:48","modified_gmt":"2025-06-30T14:49:48","slug":"bussola-21","status":"publish","type":"page","link":"https:\/\/irmasdoroteias.pt\/?page_id=2019","title":{"rendered":"B\u00fassola 21"},"content":{"rendered":"\n<div class=\"ghostkit-grid ghostkit-grid-gap-md ghostkit-grid-with-bg\"><div class=\"nk-awb\"><div class=\"nk-awb-wrap\" data-awb-type=\"color\"><div class=\"nk-awb-overlay\" style=\"background-color:rgba(171, 185, 196, 0.15)\"><\/div><\/div><\/div><div class=\"ghostkit-grid-inner\">\n<div class=\"ghostkit-col ghostkit-col-md-12 ghostkit-col-5 ghostkit-col-align-self-center\"><div class=\"ghostkit-col-content\">\n<div class=\"wp-block-image ghostkit-custom-ZcRDDV\"><figure class=\"aligncenter size-full is-resized\"><img decoding=\"async\" loading=\"lazy\" src=\"https:\/\/irmasdoroteias.pt\/wp-content\/uploads\/2021\/01\/Ativo_1_1.png\" alt=\"\" class=\"wp-image-2031\" width=\"400\" height=\"NaN\"\/><\/figure><\/div>\n<\/div><\/div>\n\n\n\n<div class=\"ghostkit-col ghostkit-col-md-12 ghostkit-col-7 ghostkit-custom-21AKJG\"><div class=\"ghostkit-col-content\">\n<p>\u00c9 um projeto em curso que visa promover a renova\u00e7\u00e3o da vis\u00e3o\/miss\u00e3o dos Centros Educativos das Irm\u00e3s Doroteias em Portugal. Apoiada em tr\u00eas Oficinas de Inova\u00e7\u00e3o Pedag\u00f3gica \u2013 Educa\u00e7\u00e3o da Interioridade, Participa\u00e7\u00e3o das Crian\u00e7as e Gest\u00e3o do Curr\u00edculo \u2013, e ancorada em referenciais identit\u00e1rios fundamentais, como o Perfil do\/a Aluno\/a e o Perfil do\/a Educador\/a dos Centros Educativos das Irm\u00e3s Doroteias, esta Rede de institui\u00e7\u00f5es e de educadores\/as tem vindo a ousar renovar por dentro o estilo de educar para que as crian\u00e7as e os jovens se tornem, cada vez mais, protagonistas da pr\u00f3pria vida e agentes de transforma\u00e7\u00e3o da realidade.<\/p>\n<\/div><\/div>\n<\/div><\/div>\n\n\n\n<p>   <\/p>\n\n\n\n<div class=\"ghostkit-grid ghostkit-grid-gap-md\"><div class=\"ghostkit-grid-inner\">\n<div class=\"ghostkit-col ghostkit-col-12 ghostkit-col-with-bg\"><div class=\"nk-awb\"><div class=\"nk-awb-wrap\" data-awb-type=\"color\"><div class=\"nk-awb-overlay\" style=\"background-color:#2a4a9b\"><\/div><\/div><\/div><div class=\"ghostkit-col-content\"><div class=\"wp-block-image\">\n<figure class=\"aligncenter size-full is-resized\"><img decoding=\"async\" loading=\"lazy\" src=\"https:\/\/irmasdoroteias.pt\/wp-content\/uploads\/2025\/06\/banner-scaled.jpg\" alt=\"\" class=\"wp-image-4352\" width=\"792\" height=\"498\"\/><\/figure><\/div>\n\n\n<div class=\"wp-block-buttons is-horizontal is-content-justification-center is-layout-flex wp-container-1\">\n<div class=\"wp-block-button\"><a class=\"wp-block-button__link has-background wp-element-button\" href=\"https:\/\/irmasdoroteias.pt\/?page_id=4263\" style=\"background-color:#1e9b41\">Mais informa\u00e7\u00e3o aqui<\/a><\/div>\n<\/div>\n\n\n\n<p><\/p>\n<\/div><\/div>\n<\/div><\/div>\n\n\n\n<div class=\"ghostkit-grid ghostkit-grid-gap-md ghostkit-grid-align-items-center ghostkit-grid-justify-content-center ghostkit-grid-with-bg ghostkit-d-none\"><div class=\"nk-awb\"><div class=\"nk-awb-wrap\" data-awb-type=\"color\"><div class=\"nk-awb-overlay\" style=\"background-color:rgba(204, 201, 179, 0.45)\"><\/div><\/div><\/div><div class=\"ghostkit-grid-inner\">\n<div class=\"ghostkit-col ghostkit-col-md-12 ghostkit-col-6\"><div class=\"ghostkit-col-content\"><div class=\"wp-block-image\">\n<figure class=\"aligncenter size-large is-resized\"><img decoding=\"async\" loading=\"lazy\" src=\"https:\/\/irmasdoroteias.pt\/wp-content\/uploads\/2021\/11\/Bussola_21_I_Jornadas_Inovacao_Pedagogica_Livro-de-Atas__Pagina_01-scaled-e1637335642701.jpg\" alt=\"\" class=\"wp-image-3464\" width=\"258\" height=\"364\"\/><\/figure><\/div><\/div><\/div>\n\n\n\n<div class=\"ghostkit-col ghostkit-col-md-12 ghostkit-col-6 ghostkit-col-align-self-center ghostkit-custom-Z1pBC9U\"><div class=\"ghostkit-col-content\">\n<h4 class=\"wp-block-heading\" id=\"o-bussola-21-em-2021\">O B\u00fassola 21 em 2021<\/h4>\n\n\n\n<p><strong>I Jornadas de Inova\u00e7\u00e3o Pedag\u00f3gica<\/strong><br>&#8211; Livro de Atas<\/p>\n\n\n\n<p>No dia 21 de julho de 2021, os educadores dos centros educativos das Irm\u00e3s Doroteias em Portugal reuniram-se nas I Jornadas de Inova\u00e7\u00e3o Pedag\u00f3gica do projeto B\u00fassola 21. Diversos oradores, protagonistas da inova\u00e7\u00e3o pedag\u00f3gica ao longo do ano letivo 2020-2021, partilharam e refletiram sobre experi\u00eancias implementadas nos seus contextos educativos. As Jornadas organizaram-se em tr\u00eas tem\u00e1ticas, correspondentes aos dom\u00ednios de inova\u00e7\u00e3o pedag\u00f3gica que t\u00eam sido privilegiados pela rede educativa: i) a Educa\u00e7\u00e3o da Interioridade; ii) a Gest\u00e3o do Curr\u00edculo; e iii) a Participa\u00e7\u00e3o das Crian\u00e7as e Jovens.<\/p>\n\n\n\n<div class=\"wp-block-buttons is-horizontal is-content-justification-center is-layout-flex wp-container-2\">\n<div class=\"wp-block-button\"><a class=\"wp-block-button__link wp-element-button\" href=\"http:\/\/repositorio.esepf.pt\/handle\/20.500.11796\/3050\" target=\"_blank\" rel=\"noreferrer noopener\">Veja o Livro<\/a><\/div>\n<\/div>\n<\/div><\/div>\n<\/div><\/div>\n\n\n\n<p>   <\/p>\n\n\n\n<div class=\"ghostkit-grid ghostkit-grid-gap-md\"><div class=\"ghostkit-grid-inner\">\n<div class=\"ghostkit-col ghostkit-col-12 ghostkit-col-with-bg\"><div class=\"nk-awb\"><div class=\"nk-awb-wrap\" data-awb-type=\"color\"><div class=\"nk-awb-overlay\" style=\"background-color:#d3840e\"><\/div><\/div><\/div><div class=\"ghostkit-col-content\"><div class=\"wp-block-image\">\n<figure class=\"aligncenter size-large\"><img decoding=\"async\" loading=\"lazy\" width=\"1024\" height=\"401\" src=\"https:\/\/irmasdoroteias.pt\/wp-content\/uploads\/2021\/09\/Perfil_Educador-1.jpg\" alt=\"\" class=\"wp-image-3300\"\/><\/figure><\/div>\n\n\n<div class=\"wp-block-buttons is-horizontal is-content-justification-center is-layout-flex wp-container-3\">\n<div class=\"wp-block-button\"><a class=\"wp-block-button__link wp-element-button\" href=\"https:\/\/irmasdoroteias.pt\/?p=3295\" target=\"_blank\" rel=\"noreferrer noopener\">Mais informa\u00e7\u00e3o aqui<\/a><\/div>\n<\/div>\n\n\n\n<p><\/p>\n<\/div><\/div>\n<\/div><\/div>\n\n\n\n<p><\/p>\n\n\n\n<p><\/p>\n\n\n\n\t\t\t<div class=\"wp-block-uagb-post-grid uagb-post-grid  uagb-post__image-position-top uagb-post__image-enabled uagb-block-6c81aa89     uagb-post__items uagb-post__columns-3 is-grid uagb-post__columns-tablet-2 uagb-post__columns-mobile-1 uagb-post__equal-height\" data-total=\"2\" style=\"\">\n\n\t\t\t\t\t\t\t\t\t\t\t\t<article class=\"uagb-post__inner-wrap\">\t\t\t\t\t\t\t\t<h4 class=\"uagb-post__title uagb-post__text\">\n\t\t\t\t<a href=\"https:\/\/irmasdoroteias.pt\/?p=4216\" target=\"_blank\" rel=\"bookmark noopener noreferrer\">Maio 2024<\/a>\n\t\t\t<\/h4>\n\t\t\t\t\t\t<div class='uagb-post__text uagb-post-grid-byline'>\n\t\t\t\t\t\t\t<\/div>\n\t\t\t\t\t\t\t<div class='uagb-post__text uagb-post__excerpt'>\n\t\t\t\t\t<p>Newsletter B\u00fassola 21 #7 &#8211; Ver para Crer EDITORIAL Joaquim Azevedo Ver para Crer Joaquim&#8230;\t\t\t\t<\/div>\n\t\t\t\t\t\t<div class=\"uagb-post__text uagb-post__cta wp-block-button\">\n\t\t\t\t<a class=\"wp-block-button__link uagb-text-link\" href=\"https:\/\/irmasdoroteias.pt\/?p=4216\" target=\"_blank\" rel=\"bookmark noopener noreferrer\">Leia mais<\/a>\n\t\t\t<\/div>\n\t\t\t\t\t\t\t\t\t\t\t\t<\/article>\n\t\t\t\t\t\t\t\t\t\t\t\t\t\t\t\t<article class=\"uagb-post__inner-wrap\">\t\t\t\t\t\t\t\t<h4 class=\"uagb-post__title uagb-post__text\">\n\t\t\t\t<a href=\"https:\/\/irmasdoroteias.pt\/?p=3865\" target=\"_blank\" rel=\"bookmark noopener noreferrer\">Junho 2022<\/a>\n\t\t\t<\/h4>\n\t\t\t\t\t\t<div class='uagb-post__text uagb-post-grid-byline'>\n\t\t\t\t\t\t\t<\/div>\n\t\t\t\t\t\t\t<div class='uagb-post__text uagb-post__excerpt'>\n\t\t\t\t\t<p>Newsletter B\u00fassola 21 #6 &#8211; Docentes e Alunos agentes de mudan\u00e7a EDITORIAL Daniela Gon\u00e7alves Helena&#8230;\t\t\t\t<\/div>\n\t\t\t\t\t\t<div class=\"uagb-post__text uagb-post__cta wp-block-button\">\n\t\t\t\t<a class=\"wp-block-button__link uagb-text-link\" href=\"https:\/\/irmasdoroteias.pt\/?p=3865\" target=\"_blank\" rel=\"bookmark noopener noreferrer\">Leia mais<\/a>\n\t\t\t<\/div>\n\t\t\t\t\t\t\t\t\t\t\t\t<\/article>\n\t\t\t\t\t\t\t\t\t\t\t\t\t\t\t\t<article class=\"uagb-post__inner-wrap\">\t\t\t\t\t\t\t\t<h4 class=\"uagb-post__title uagb-post__text\">\n\t\t\t\t<a href=\"https:\/\/irmasdoroteias.pt\/?p=3732\" target=\"_blank\" rel=\"bookmark noopener noreferrer\">Abril 2022<\/a>\n\t\t\t<\/h4>\n\t\t\t\t\t\t<div class='uagb-post__text uagb-post-grid-byline'>\n\t\t\t\t\t\t\t<\/div>\n\t\t\t\t\t\t\t<div class='uagb-post__text uagb-post__excerpt'>\n\t\t\t\t\t<p>Newsletter B\u00fassola 21 #5 &#8211; A minha Escola de sonho EDITORIAL Irene Cortes\u00e3o Irene Cortes\u00e3o&#8230;\t\t\t\t<\/div>\n\t\t\t\t\t\t<div class=\"uagb-post__text uagb-post__cta wp-block-button\">\n\t\t\t\t<a class=\"wp-block-button__link uagb-text-link\" href=\"https:\/\/irmasdoroteias.pt\/?p=3732\" target=\"_blank\" rel=\"bookmark noopener noreferrer\">Leia mais<\/a>\n\t\t\t<\/div>\n\t\t\t\t\t\t\t\t\t\t\t\t<\/article>\n\t\t\t\t\t\t\t\t\t\t\t\t\t\t\t\t<article class=\"uagb-post__inner-wrap\">\t\t\t\t\t\t\t\t<div class='uagb-post__image'>\n\t\t\t\t\t\t\t\t\t<a href=\"https:\/\/irmasdoroteias.pt\/?p=3532\" target=\"_blank\" rel=\"bookmark noopener noreferrer\" class='uagb-image-ratio-inherit'><img width=\"300\" height=\"95\" src=\"https:\/\/irmasdoroteias.pt\/wp-content\/uploads\/2021\/01\/Ativo_1_1-300x95.png\" class=\"attachment-medium size-medium\" alt=\"\" decoding=\"async\" loading=\"lazy\" \/>\t\t\t\t\t<\/a>\n\t\t\t\t\t\t\t<\/div>\n\t\t\t\t\t\t<h4 class=\"uagb-post__title uagb-post__text\">\n\t\t\t\t<a href=\"https:\/\/irmasdoroteias.pt\/?p=3532\" target=\"_blank\" rel=\"bookmark noopener noreferrer\">Dezembro 2021<\/a>\n\t\t\t<\/h4>\n\t\t\t\t\t\t<div class='uagb-post__text uagb-post-grid-byline'>\n\t\t\t\t\t\t\t<\/div>\n\t\t\t\t\t\t\t<div class='uagb-post__text uagb-post__excerpt'>\n\t\t\t\t\tNewsletter B\u00fassola 21 #4 &#8211; Reposit\u00f3rio de projetos de inova\u00e7\u00e3o pedag\u00f3gica, uma boa nova para&#8230;\t\t\t\t<\/div>\n\t\t\t\t\t\t<div class=\"uagb-post__text uagb-post__cta wp-block-button\">\n\t\t\t\t<a class=\"wp-block-button__link uagb-text-link\" href=\"https:\/\/irmasdoroteias.pt\/?p=3532\" target=\"_blank\" rel=\"bookmark noopener noreferrer\">Leia mais<\/a>\n\t\t\t<\/div>\n\t\t\t\t\t\t\t\t\t\t\t\t<\/article>\n\t\t\t\t\t\t\t\t\t\t\t\t\t\t\t\t<article class=\"uagb-post__inner-wrap\">\t\t\t\t\t\t\t\t<div class='uagb-post__image'>\n\t\t\t\t\t\t\t\t\t<a href=\"https:\/\/irmasdoroteias.pt\/?p=2854\" target=\"_blank\" rel=\"bookmark noopener noreferrer\" class='uagb-image-ratio-inherit'><img width=\"300\" height=\"225\" src=\"https:\/\/irmasdoroteias.pt\/wp-content\/uploads\/2021\/04\/CS-Sardao_imagem-2-300x225.jpg\" class=\"attachment-medium size-medium\" alt=\"\" decoding=\"async\" loading=\"lazy\" \/>\t\t\t\t\t<\/a>\n\t\t\t\t\t\t\t<\/div>\n\t\t\t\t\t\t<h4 class=\"uagb-post__title uagb-post__text\">\n\t\t\t\t<a href=\"https:\/\/irmasdoroteias.pt\/?p=2854\" target=\"_blank\" rel=\"bookmark noopener noreferrer\">ABRIL 2021<\/a>\n\t\t\t<\/h4>\n\t\t\t\t\t\t<div class='uagb-post__text uagb-post-grid-byline'>\n\t\t\t\t\t\t\t<\/div>\n\t\t\t\t\t\t\t<div class='uagb-post__text uagb-post__excerpt'>\n\t\t\t\t\t#3 Newsletter B\u00fassola 21\t\t\t\t<\/div>\n\t\t\t\t\t\t<div class=\"uagb-post__text uagb-post__cta wp-block-button\">\n\t\t\t\t<a class=\"wp-block-button__link uagb-text-link\" href=\"https:\/\/irmasdoroteias.pt\/?p=2854\" target=\"_blank\" rel=\"bookmark noopener noreferrer\">Leia mais<\/a>\n\t\t\t<\/div>\n\t\t\t\t\t\t\t\t\t\t\t\t<\/article>\n\t\t\t\t\t\t\t\t\t\t\t\t\t\t\t\t<article class=\"uagb-post__inner-wrap\">\t\t\t\t\t\t\t\t<div class='uagb-post__image'>\n\t\t\t\t\t\t\t\t\t<a href=\"https:\/\/irmasdoroteias.pt\/?p=2236\" target=\"_blank\" rel=\"bookmark noopener noreferrer\" class='uagb-image-ratio-inherit'><img width=\"300\" height=\"250\" src=\"https:\/\/irmasdoroteias.pt\/wp-content\/uploads\/2021\/02\/Imagem1-300x250.png\" class=\"attachment-medium size-medium\" alt=\"\" decoding=\"async\" loading=\"lazy\" \/>\t\t\t\t\t<\/a>\n\t\t\t\t\t\t\t<\/div>\n\t\t\t\t\t\t<h4 class=\"uagb-post__title uagb-post__text\">\n\t\t\t\t<a href=\"https:\/\/irmasdoroteias.pt\/?p=2236\" target=\"_blank\" rel=\"bookmark noopener noreferrer\">FEVEREIRO 2021<\/a>\n\t\t\t<\/h4>\n\t\t\t\t\t\t<div class='uagb-post__text uagb-post-grid-byline'>\n\t\t\t\t\t\t\t<\/div>\n\t\t\t\t\t\t\t<div class='uagb-post__text uagb-post__excerpt'>\n\t\t\t\t\t#2 Newsletter B\u00fassola 21\t\t\t\t<\/div>\n\t\t\t\t\t\t<div class=\"uagb-post__text uagb-post__cta wp-block-button\">\n\t\t\t\t<a class=\"wp-block-button__link uagb-text-link\" href=\"https:\/\/irmasdoroteias.pt\/?p=2236\" target=\"_blank\" rel=\"bookmark noopener noreferrer\">Leia mais<\/a>\n\t\t\t<\/div>\n\t\t\t\t\t\t\t\t\t\t\t\t<\/article>\n\t\t\t\t\t\t\t\t\t\t\t<\/div>\n\t\t\t\n\n\n<div class=\"ghostkit-carousel\" data-effect=\"slide\" data-speed=\"0.1\" data-autoplay=\"0.9\" data-slides-per-view=\"4\" data-centered-slides=\"false\" data-loop=\"true\" data-free-scroll=\"false\" data-show-arrows=\"true\" data-show-bullets=\"true\" data-dynamic-bullets=\"true\" data-gap=\"15\"><div class=\"ghostkit-carousel-items\">\n<div class=\"ghostkit-carousel-slide\"><div class=\"wp-block-image\">\n<figure class=\"aligncenter size-large is-resized\"><img decoding=\"async\" loading=\"lazy\" src=\"https:\/\/irmasdoroteias.pt\/wp-content\/uploads\/2021\/01\/01_Logotipo_ISJ_Vila-do-Conde.png\" alt=\"\" class=\"wp-image-2038\" width=\"194\" height=\"69\"\/><\/figure><\/div><\/div>\n\n\n\n<div class=\"ghostkit-carousel-slide\"><div class=\"wp-block-image\">\n<figure class=\"aligncenter size-large is-resized\"><img decoding=\"async\" loading=\"lazy\" src=\"https:\/\/irmasdoroteias.pt\/wp-content\/uploads\/2021\/01\/02_Logotipo_FIC_Covilha-scaled.jpg\" alt=\"\" class=\"wp-image-2039\" width=\"135\" height=\"83\"\/><\/figure><\/div><\/div>\n\n\n\n<div class=\"ghostkit-carousel-slide\"><div class=\"wp-block-image\">\n<figure class=\"aligncenter size-full is-resized\"><img decoding=\"async\" loading=\"lazy\" src=\"https:\/\/irmasdoroteias.pt\/wp-content\/uploads\/2021\/02\/03_Logotipo_OSPVI_Lisboa.png\" alt=\"\" class=\"wp-image-2289\" width=\"91\" height=\"48\"\/><\/figure><\/div><\/div>\n\n\n\n<div class=\"ghostkit-carousel-slide\"><div class=\"wp-block-image\">\n<figure class=\"aligncenter size-large is-resized\"><img decoding=\"async\" loading=\"lazy\" src=\"https:\/\/irmasdoroteias.pt\/wp-content\/uploads\/2021\/01\/04_Logotipo_CS_Sardao.png\" alt=\"\" class=\"wp-image-2041\" width=\"97\" height=\"97\"\/><\/figure><\/div><\/div>\n\n\n\n<div class=\"ghostkit-carousel-slide\"><div class=\"wp-block-image\">\n<figure class=\"aligncenter size-large is-resized\"><img decoding=\"async\" loading=\"lazy\" src=\"https:\/\/irmasdoroteias.pt\/wp-content\/uploads\/2021\/01\/05_Logotipo_EP_Lisboa.png\" alt=\"\" class=\"wp-image-2042\" width=\"190\" height=\"83\"\/><\/figure><\/div><\/div>\n\n\n\n<div class=\"ghostkit-carousel-slide\"><div class=\"wp-block-image\">\n<figure class=\"aligncenter size-large is-resized\"><img decoding=\"async\" loading=\"lazy\" src=\"https:\/\/irmasdoroteias.pt\/wp-content\/uploads\/2021\/01\/06_Logotipo-CNSP_Porto.png\" alt=\"\" class=\"wp-image-2043\" width=\"238\" height=\"72\"\/><\/figure><\/div><\/div>\n\n\n\n<div class=\"ghostkit-carousel-slide\"><div class=\"wp-block-image\">\n<figure class=\"aligncenter size-large is-resized\"><img decoding=\"async\" loading=\"lazy\" src=\"https:\/\/irmasdoroteias.pt\/wp-content\/uploads\/2020\/06\/Logo_CIC.jpg\" alt=\"\" class=\"wp-image-923\" width=\"161\" height=\"107\"\/><\/figure><\/div><\/div>\n\n\n\n<div class=\"ghostkit-carousel-slide\"><div class=\"wp-block-image\">\n<figure class=\"aligncenter size-large is-resized\"><img decoding=\"async\" loading=\"lazy\" src=\"https:\/\/irmasdoroteias.pt\/wp-content\/uploads\/2020\/06\/Logo_CSD.jpg\" alt=\"\" class=\"wp-image-929\" width=\"192\" height=\"128\"\/><\/figure><\/div><\/div>\n\n\n\n<div class=\"ghostkit-carousel-slide\"><div class=\"wp-block-image\">\n<figure class=\"aligncenter size-large is-resized\"><img decoding=\"async\" loading=\"lazy\" src=\"https:\/\/irmasdoroteias.pt\/wp-content\/uploads\/2021\/01\/logo_fundo_claro.png\" alt=\"\" class=\"wp-image-2050\" width=\"365\" height=\"81\"\/><\/figure><\/div><\/div>\n<\/div><div class=\"ghostkit-carousel-arrow-prev-icon\"><svg class=\"ghostkit-svg-icon\" width=\"24\" height=\"24\" viewBox=\"0 0 24 24\" fill=\"none\" xmlns=\"http:\/\/www.w3.org\/2000\/svg\"><path fill-rule=\"evenodd\" clip-rule=\"evenodd\" d=\"M14.7803 17.7803C14.4874 18.0732 14.0126 18.0732 13.7197 17.7803L8.4697 12.5303C8.1768 12.2374 8.1768 11.7626 8.4697 11.4697L13.7197 6.21967C14.0126 5.92678 14.4874 5.92678 14.7803 6.21967C15.0732 6.51256 15.0732 6.98744 14.7803 7.28033L10.0607 12L14.7803 16.7197C15.0732 17.0126 15.0732 17.4874 14.7803 17.7803Z\" fill=\"currentColor\"\/><\/svg><\/div><div class=\"ghostkit-carousel-arrow-next-icon\"><svg class=\"ghostkit-svg-icon\" width=\"24\" height=\"24\" viewBox=\"0 0 24 24\" fill=\"none\" xmlns=\"http:\/\/www.w3.org\/2000\/svg\"><path fill-rule=\"evenodd\" clip-rule=\"evenodd\" d=\"M9.21967 6.2197C9.51256 5.9268 9.98744 5.9268 10.2803 6.2197L15.5303 11.4697C15.8232 11.7626 15.8232 12.2374 15.5303 12.5303L10.2803 17.7803C9.98744 18.0732 9.51256 18.0732 9.21967 17.7803C8.92678 17.4874 8.92678 17.0126 9.21967 16.7197L13.9393 12L9.21967 7.2803C8.92678 6.9874 8.92678 6.5126 9.21967 6.2197Z\" fill=\"currentColor\"\/><\/svg><\/div><\/div>\n\n\n\n<p><\/p>\n","protected":false},"excerpt":{"rendered":"","protected":false},"author":4,"featured_media":2027,"parent":683,"menu_order":0,"comment_status":"closed","ping_status":"closed","template":"","meta":{"_uag_custom_page_level_css":"","ghostkit_customizer_options":"","ghostkit_custom_css":"","ghostkit_custom_js_head":"","ghostkit_custom_js_foot":"","ghostkit_typography":""},"uagb_featured_image_src":{"full":["https:\/\/irmasdoroteias.pt\/wp-content\/uploads\/2021\/01\/bussola.jpg",500,370,false],"thumbnail":["https:\/\/irmasdoroteias.pt\/wp-content\/uploads\/2021\/01\/bussola.jpg",150,111,false],"medium":["https:\/\/irmasdoroteias.pt\/wp-content\/uploads\/2021\/01\/bussola-300x222.jpg",300,222,true],"medium_large":["https:\/\/irmasdoroteias.pt\/wp-content\/uploads\/2021\/01\/bussola.jpg",500,370,false],"large":["https:\/\/irmasdoroteias.pt\/wp-content\/uploads\/2021\/01\/bussola.jpg",500,370,false],"1536x1536":["https:\/\/irmasdoroteias.pt\/wp-content\/uploads\/2021\/01\/bussola.jpg",500,370,false],"2048x2048":["https:\/\/irmasdoroteias.pt\/wp-content\/uploads\/2021\/01\/bussola.jpg",500,370,false]},"uagb_author_info":{"display_name":"B\u00fassola 21","author_link":"https:\/\/irmasdoroteias.pt\/?author=4"},"uagb_comment_info":0,"uagb_excerpt":null,"rttpg_featured_image_url":{"full":["https:\/\/irmasdoroteias.pt\/wp-content\/uploads\/2021\/01\/bussola.jpg",500,370,false],"landscape":["https:\/\/irmasdoroteias.pt\/wp-content\/uploads\/2021\/01\/bussola.jpg",500,370,false],"portraits":["https:\/\/irmasdoroteias.pt\/wp-content\/uploads\/2021\/01\/bussola.jpg",500,370,false],"thumbnail":["https:\/\/irmasdoroteias.pt\/wp-content\/uploads\/2021\/01\/bussola.jpg",150,111,false],"medium":["https:\/\/irmasdoroteias.pt\/wp-content\/uploads\/2021\/01\/bussola-300x222.jpg",300,222,true],"medium_large":["https:\/\/irmasdoroteias.pt\/wp-content\/uploads\/2021\/01\/bussola.jpg",500,370,false],"large":["https:\/\/irmasdoroteias.pt\/wp-content\/uploads\/2021\/01\/bussola.jpg",500,370,false],"1536x1536":["https:\/\/irmasdoroteias.pt\/wp-content\/uploads\/2021\/01\/bussola.jpg",500,370,false],"2048x2048":["https:\/\/irmasdoroteias.pt\/wp-content\/uploads\/2021\/01\/bussola.jpg",500,370,false]},"rttpg_author":{"display_name":"B\u00fassola 21","author_link":"https:\/\/irmasdoroteias.pt\/?author=4"},"rttpg_comment":0,"rttpg_category":null,"rttpg_excerpt":null,"post_mailing_queue_ids":[],"_links":{"self":[{"href":"https:\/\/irmasdoroteias.pt\/index.php?rest_route=\/wp\/v2\/pages\/2019"}],"collection":[{"href":"https:\/\/irmasdoroteias.pt\/index.php?rest_route=\/wp\/v2\/pages"}],"about":[{"href":"https:\/\/irmasdoroteias.pt\/index.php?rest_route=\/wp\/v2\/types\/page"}],"author":[{"embeddable":true,"href":"https:\/\/irmasdoroteias.pt\/index.php?rest_route=\/wp\/v2\/users\/4"}],"replies":[{"embeddable":true,"href":"https:\/\/irmasdoroteias.pt\/index.php?rest_route=%2Fwp%2Fv2%2Fcomments&post=2019"}],"version-history":[{"count":7,"href":"https:\/\/irmasdoroteias.pt\/index.php?rest_route=\/wp\/v2\/pages\/2019\/revisions"}],"predecessor-version":[{"id":4354,"href":"https:\/\/irmasdoroteias.pt\/index.php?rest_route=\/wp\/v2\/pages\/2019\/revisions\/4354"}],"up":[{"embeddable":true,"href":"https:\/\/irmasdoroteias.pt\/index.php?rest_route=\/wp\/v2\/pages\/683"}],"wp:featuredmedia":[{"embeddable":true,"href":"https:\/\/irmasdoroteias.pt\/index.php?rest_route=\/wp\/v2\/media\/2027"}],"wp:attachment":[{"href":"https:\/\/irmasdoroteias.pt\/index.php?rest_route=%2Fwp%2Fv2%2Fmedia&parent=2019"}],"curies":[{"name":"wp","href":"https:\/\/api.w.org\/{rel}","templated":true}]}}