{"id":1852,"date":"2020-09-09T23:22:24","date_gmt":"2020-09-09T23:22:24","guid":{"rendered":"http:\/\/irmasdoroteias.pt\/?page_id=1852"},"modified":"2020-09-09T23:49:36","modified_gmt":"2020-09-09T23:49:36","slug":"politica-de-privacidade-do-site","status":"publish","type":"page","link":"https:\/\/irmasdoroteias.pt\/?page_id=1852","title":{"rendered":"Pol\u00edtica de Privacidade do Site"},"content":{"rendered":"\n<h2 class=\"wp-block-heading\" id=\"termos-e-condicoes\">Termos e Condi\u00e7\u00f5es<\/h2>\n\n\n\n<p>O Site Irm\u00e3s Doroteias (Site) \u00e9 propriedade da Prov\u00edncia Portuguesa do Instituto das Irm\u00e3s de Santa Doroteia (PPIISD), com morada na Alameda das Linhas de Torres \u2013 n\u00ba 2, 1750-146 Lisboa<\/p>\n\n\n\n<h4 class=\"wp-block-heading\" id=\"1-conteudo\">1. Conte\u00fado<\/h4>\n\n\n\n<p>\u00c9 considerado como conte\u00fado do Site toda a informa\u00e7\u00e3o existente no mesmo, quer sejam textos, imagens, v\u00eddeos, design, software ou c\u00f3digo de programa\u00e7\u00e3o. Todo este conte\u00fado \u00e9 propriedade da PPIISD, salvo outra indica\u00e7\u00e3o, e \u00e9 protegido por direitos de autor, ao abrigo das leis em vigor. O seu uso implica um pedido expl\u00edcito de utiliza\u00e7\u00e3o que deve ser feito por escrito atrav\u00e9s do email: site@irmasdoroteias.pt.<\/p>\n\n\n\n<p>O Site recorre \u00e0 utiliza\u00e7\u00e3o de bancos de imagens segundo as regras estabelecidas pelos detentores desses bancos.<\/p>\n\n\n\n<p>Eventualmente alguns dos conte\u00fados apresentados poder\u00e3o n\u00e3o pertencer \u00e0 PPIISD e resultar de parcerias com outras entidades. Nesses casos, a sua origem e propriedade ser\u00e3o claramente identificados.<\/p>\n\n\n\n<h4 class=\"wp-block-heading\" id=\"2-condicoes-de-acesso\">2. Condi\u00e7\u00f5es de Acesso<\/h4>\n\n\n\n<p>O acesso ao Site \u00e9 gratuito. Ao visitar o Site cada utilizador compromete-se a:<\/p>\n\n\n\n<p>Ler e concordar com a Pol\u00edtica de Privacidade aqui estabelecida.<br>N\u00e3o atentar contra a seguran\u00e7a do sistema que suporta o Site.<\/p>\n\n\n\n<h4 class=\"wp-block-heading\" id=\"3-cookies\">3. Cookies<\/h4>\n\n\n\n<p>De modo a proporcionar-lhe uma melhor experi\u00eancia de navega\u00e7\u00e3o, o nosso site utiliza Cookies. Os Cookies s\u00e3o pequenas etiquetas de software que s\u00e3o armazenadas no seu computador atrav\u00e9s do navegador (browser), retendo apenas informa\u00e7\u00e3o relacionada com as suas prefer\u00eancias, n\u00e3o incluindo, como tal, os seus dados pessoais.<\/p>\n\n\n\n<p>Os cookies servem para ajudar a determinar a utilidade, interesse e o n\u00famero de utiliza\u00e7\u00f5es dos seus websites, permitindo uma navega\u00e7\u00e3o mais r\u00e1pida e eficiente, eliminando a necessidade de introduzir repetidamente as mesmas informa\u00e7\u00f5es.<\/p>\n\n\n\n<p>Cookies anal\u00edticos \u2013 S\u00e3o utilizados anonimamente para efeitos de cria\u00e7\u00e3o e an\u00e1lise de estat\u00edsticas, no sentido de melhorar o funcionamento do website.<\/p>\n\n\n\n<p><strong>Os nossos cookies:<\/strong><\/p>\n\n\n\n<figure class=\"wp-block-table is-style-stripes\"><table><tbody><tr><td><strong>Cookie Name<\/strong><\/td><td><strong>Expiry<\/strong><\/td><\/tr><tr><td>PHPSESSID<\/td><td>por sess\u00e3o<\/td><\/tr><tr><td>cookielawinfo-checkbox-necessary<\/td><td>1 hora<\/td><\/tr><tr><td>cookielawinfo-checkbox-non-necessary<\/td><td>1 hora<\/td><\/tr><tr><td>pll_language<\/td><td>1 hora<\/td><\/tr><tr><td>pum-1344<\/td><td>24 horas<\/td><\/tr><\/tbody><\/table><\/figure>\n\n\n\n<h4 class=\"wp-block-heading\" id=\"4-publicidade\">4. Publicidade<\/h4>\n\n\n\n<p>O Site n\u00e3o recorre a publicidade como forma de financiamento. Poder\u00e1, eventualmente, fazer campanhas de angaria\u00e7\u00e3o de fundos junto dos visitantes e aceitar\u00e1 donativos nos termos estipulados pela lei.<\/p>\n\n\n\n<h2 class=\"wp-block-heading\" id=\"tratamento-de-dados\">Tratamento de dados<\/h2>\n\n\n\n<p>O presente site destina-se a disponibilizar informa\u00e7\u00e3o sobre as atividades desenvolvidas pela PPIISD e n\u00e3o implica, necessariamente, o fornecimento de dados pessoais. \u00c9 poss\u00edvel, para quem o desejar, fazer a subscri\u00e7\u00e3o de uma newsletter, atrav\u00e9s da subscri\u00e7\u00e3o de um formul\u00e1rio que apenas recolhe o endere\u00e7o eletr\u00f3nico do utilizador.<\/p>\n\n\n\n<p>A qualquer momento, o utilizador tem a possibilidade de verificar, corrigir, anular ou eliminar esta informa\u00e7\u00e3o e subscri\u00e7\u00e3o enviando um e-mail para site@irmasdoroteias.pt. Em cada newsletter, os utilizadores podem clicar no link apropriado. Assim que o link \u00e9 acionado, os e-mails dos utilizadores ser\u00e3o eliminados da lista de contactos. Como corrobora\u00e7\u00e3o, os utilizadores recebem posteriormente um e-mail de confirma\u00e7\u00e3o.<\/p>\n\n\n\n<p>A PPIISD poder\u00e1 recorrer a prestadores de servi\u00e7os para que estes lhe prestem servi\u00e7os no \u00e2mbito do website Irm\u00e3s Doroteias, designadamente para efeitos da sua administra\u00e7\u00e3o. Estes terceiros poder\u00e3o aceder a dados pessoais dos utilizadores aquando da presta\u00e7\u00e3o de tais servi\u00e7os, embora estando sempre vinculados aos deveres de confidencialidade e prote\u00e7\u00e3o de dados previstos nesta Pol\u00edtica de Privacidade.<\/p>\n\n\n\n<p>Esta Pol\u00edtica de Privacidade poder\u00e1 ser atualizada em qualquer altura e sempre que procedermos a altera\u00e7\u00f5es, a vers\u00e3o mais recente ficar\u00e1 neste website.<\/p>\n\n\n\n<p>Para quaisquer quest\u00f5es relativas ao tratamento dos seus dados, por favor contacte-nos para: Prov\u00edncia Portuguesa do Instituto das Irm\u00e3s de Santa Doroteia, Alameda das Linhas de Torres \u2013 n\u00ba 2, 1750-146 Lisboa, <a href=\"mailto:site@irmasdoroteias.pt\" target=\"_blank\" rel=\"noreferrer noopener\">site@irmasdoroteias.pt<\/a>.<\/p>\n","protected":false},"excerpt":{"rendered":"<p>Termos e Condi\u00e7\u00f5es O Site Irm\u00e3s Doroteias (Site) \u00e9 propriedade da Prov\u00edncia Portuguesa do Instituto das Irm\u00e3s de Santa Doroteia (PPIISD), com morada na Alameda das Linhas de Torres \u2013 n\u00ba 2, 1750-146 Lisboa 1. Conte\u00fado \u00c9 considerado como conte\u00fado do Site toda a informa\u00e7\u00e3o existente no mesmo, quer sejam textos, imagens, v\u00eddeos, design, software [&hellip;]<\/p>\n","protected":false},"author":1,"featured_media":0,"parent":0,"menu_order":0,"comment_status":"closed","ping_status":"closed","template":"","meta":{"_uag_custom_page_level_css":"","ghostkit_customizer_options":"","ghostkit_custom_css":"","ghostkit_custom_js_head":"","ghostkit_custom_js_foot":"","ghostkit_typography":""},"uagb_featured_image_src":{"full":false,"thumbnail":false,"medium":false,"medium_large":false,"large":false,"1536x1536":false,"2048x2048":false},"uagb_author_info":{"display_name":"Irm\u00e3s Doroteias","author_link":"https:\/\/irmasdoroteias.pt\/?author=1"},"uagb_comment_info":0,"uagb_excerpt":"Termos e Condi\u00e7\u00f5es O Site Irm\u00e3s Doroteias (Site) \u00e9 propriedade da Prov\u00edncia Portuguesa do Instituto das Irm\u00e3s de Santa Doroteia (PPIISD), com morada na Alameda das Linhas de Torres \u2013 n\u00ba 2, 1750-146 Lisboa 1. Conte\u00fado \u00c9 considerado como conte\u00fado do Site toda a informa\u00e7\u00e3o existente no mesmo, quer sejam textos, imagens, v\u00eddeos, design, software&hellip;","rttpg_featured_image_url":null,"rttpg_author":{"display_name":"Irm\u00e3s Doroteias","author_link":"https:\/\/irmasdoroteias.pt\/?author=1"},"rttpg_comment":0,"rttpg_category":null,"rttpg_excerpt":"Termos e Condi\u00e7\u00f5es O Site Irm\u00e3s Doroteias (Site) \u00e9 propriedade da Prov\u00edncia Portuguesa do Instituto das Irm\u00e3s de Santa Doroteia (PPIISD), com morada na Alameda das Linhas de Torres \u2013 n\u00ba 2, 1750-146 Lisboa 1. Conte\u00fado \u00c9 considerado como conte\u00fado do Site toda a informa\u00e7\u00e3o existente no mesmo, quer sejam textos, imagens, v\u00eddeos, design, software&hellip;","post_mailing_queue_ids":[],"_links":{"self":[{"href":"https:\/\/irmasdoroteias.pt\/index.php?rest_route=\/wp\/v2\/pages\/1852"}],"collection":[{"href":"https:\/\/irmasdoroteias.pt\/index.php?rest_route=\/wp\/v2\/pages"}],"about":[{"href":"https:\/\/irmasdoroteias.pt\/index.php?rest_route=\/wp\/v2\/types\/page"}],"author":[{"embeddable":true,"href":"https:\/\/irmasdoroteias.pt\/index.php?rest_route=\/wp\/v2\/users\/1"}],"replies":[{"embeddable":true,"href":"https:\/\/irmasdoroteias.pt\/index.php?rest_route=%2Fwp%2Fv2%2Fcomments&post=1852"}],"version-history":[{"count":0,"href":"https:\/\/irmasdoroteias.pt\/index.php?rest_route=\/wp\/v2\/pages\/1852\/revisions"}],"wp:attachment":[{"href":"https:\/\/irmasdoroteias.pt\/index.php?rest_route=%2Fwp%2Fv2%2Fmedia&parent=1852"}],"curies":[{"name":"wp","href":"https:\/\/api.w.org\/{rel}","templated":true}]}}